git of 513606072?
2
What is the ten millions digit of 21160418?
2
What is the units digit of 10098868?
8
What is the ten thousands digit of 1044187144?
8
What is the hundred millions digit of 304036564?
3
What is the millions digit of 464355582?
4
What is the thousands digit of 41686674?
6
What is the ten millions digit of 75896902?
7
What is the thousands digit of 48838294?
8
What is the tens digit of 10002609?
0
What is the millions digit of 3260009831?
0
What is the hundred millions digit of 4801743729?
8
What is the units digit of 6421513177?
7
What is the units digit of 14077345?
5
What is the thousands digit of 127964848?
4
What is the hundred thousands digit of 2081937981?
9
What is the hundred thousands digit of 1068522561?
5
What is the millions digit of 988677438?
8
What is the hundreds digit of 24578599?
5
What is the ten thousands digit of 307999849?
9
What is the tens digit of 121880501?
0
What is the hundreds digit of 359010475?
4
What is the ten thousands digit of 253352290?
5
What is the thousands digit of 2841577682?
7
What is the millions digit of 63445879?
3
What is the millions digit of 10935120?
0
What is the thousands digit of 899574013?
4
What is the ten millions digit of 112974479?
1
What is the millions digit of 1290607720?
0
What is the hundred thousands digit of 3496301629?
3
What is the hundred millions digit of 1299862166?
2
What is the thousands digit of 368094984?
4
What is the thousands digit of 25112896?
2
What is the tens digit of 49664095?
9
What is the ten thousands digit of 1117384953?
8
What is the hundreds digit of 113881086?
0
What is the thousands digit of 44462819?
2
What is the tens digit of 395034096?
9
What is the millions digit of 280032957?
0
What is the ten thousands digit of 2279528927?
2
What is the millions digit of 97372513?
7
What is the tens digit of 19140347?
4
What is the units digit of 72398241?
1
What is the billions digit of 2509717167?
2
What is the units digit of 11502?
2
What is the hundred millions digit of 546866640?
5
What is the ten thousands digit of 234870676?
7
What is the millions digit of 125604920?
5
What is the thousands digit of 2345445612?
5
What is the tens digit of 24271810?
1
What is the hundred thousands digit of 27830488?
8
What is the ten thousands digit of 1186895031?
9
What is the hundreds digit of 370278184?
1
What is the thousands digit of 139761108?
1
What is the billions digit of 6590422319?
6
What is the millions digit of 65005243?
5
What is the hundreds digit of 7699405?
4
What is the tens digit of 34920151?
5
What is the tens digit of 1104234266?
6
What is the units digit of 544484?
4
What is the millions digit of 16535531?
6
What is the thousands digit of 52859575?
9
What is the ten millions digit of 1269397829?
6
What is the units digit of 406066272?
2
What is the hundred millions digit of 139428638?
1
What is the units digit of 909672617?
7
What is the units digit of 21820151?
1
What is the billions digit of 2405174207?
2
What is the hundreds digit of 246837142?
1
What is the ten millions digit of 543844223?
4
What is the ten thousands digit of 379916004?
1
What is the hundred thousands digit of 1250466849?
4
What is the millions digit of 545206135?
5
What is the millions digit of 19227618?
9
What is the millions digit of 432107216?
2
What is the tens digit of 5095665918?
1
What is the millions digit of 601193112?
1
What is the hundred millions digit of 201013640?
2
What is the ten millions digit of 590026013?
9
What is the hundred thousands digit of 29240157?
2
What is the hundred millions digit of 1789872830?
7
What is the ten millions digit of 526183343?
2
What is the hundred millions digit of 2174834005?
1
What is the hundred thousands digit of 69742636?
7
What is the millions digit of 68307171?
8
What is the tens digit of 100729923?
2
What is the units digit of 6512187?
7
What is the ten thousands digit of 17414260?
1
What is the ten millions digit of 136073491?
3
What is the tens digit of 42908270?
7
What is the millions digit of 780923803?
0
What is the tens digit of 696392363?
6
What is the units digit of 991278081?
1
What is the tens digit of 591356814?
1
What is the billions digit of 3256253893?
3
What is the hundred millions digit of 1958122626?
9
What is the hundred millions digit of 176151281?
1
What is the millions digit of 4356809?
4
What is the ten millions digit of 688307828?
8
What is the hundred millions digit of 270481692?
2
What is the ten thousands digit of 514197586?
9
What is the ten millions digit of 276027039?
7
What is the hundreds digit of 15901063?
0
What is the hundreds digit of 45456119?
1
What is the thousands digit of 71566612?
6
What is the tens digit of 28822127?
2
What is the tens digit of 180005505?
0
What is the hundred millions digit of 908872304?
9
What is the ten millions digit of 392987438?
9
What is the thousands digit of 100738730?
8
What is the ten millions digit of 607629711?
0
What is the units digit of 3067694086?
6
What is the hundreds digit of 902039623?
6
What is the units digit of 102691606?
6
What is the ten thousands digit of 48891042?
9
What is the ten thousands digit of 365065?
6
What is the units digit of 262564078?
8
What is the units digit of 3298576153?
3
What is the ten millions digit of 2220505952?
2
What is the units digit of 1952422201?
1
What is the hundred millions digit of 5205975660?
2
What is the millions digit of 230791931?
0
What is the tens digit of 154596343?
4
What is the hundred thousands digit of 177168463?
1
What is the hundred thousands digit of 82811392?
8
What is the hundreds digit of 327739511?
5
What is the hundreds digit of 462436325?
3
What is the millions digit of 56805901?
6
What is the thousands digit of 191048912?
8
What is the hundred thousands digit of 41128403?
1
What is the hundred thousands digit of 75952986?
9
What is the hundred thousands digit of 8122368397?
3
What is the tens digit of 4080069681?
8
What is the thousands digit of 1321854651?
4
What is the millions digit of 44370522?
4
What is the thousands digit of 58398907?
8
What is the units digit of 4164394224?
4
What is the tens digit of 30463129?
2
What is the millions digit of 88188336?
8
What is the units digit of 151490965?
5
What is the millions digit of 2564186747?
4
What is the tens digit of 3224088068?
6
What is the hundred thousands digit of 446322200?
3
What is the hundred millions digit of 100768062?
1
What is the tens digit of 1700556616?
1
What is the tens digit of 29245918?
1
What is the thousands digit of 226027821?
7
What is the ten thousands digit of 372742760?
4
What is the ten thousands digit of 8764274?
6
What is the tens digit of 220419180?
8
What is the ten thousands digit of 128302720?
0
What is the hundreds digit of 4164666?
6
What is the units digit of 129934381?
1
What is the thousands digit of 1854435672?
5
What is the tens digit of 12239376?
7
What is the hundred millions digit of 3385389311?
3
What is the billions digit of 2058509465?
2
What is the units digit of 1997150631?
1
What is the hundred thousands digit of 213370225?
3
What is the hundreds digit of 86415134?
1
What is the thousands digit of 3245368624?
8
What is the hundred thousands digit of 1098230?
0
What is the ten thousands digit of 125854569?
5
What is the ten millions digit of 326323674?
2
What is the hundreds digit of 957602253?
2
What is the hundreds digit of 3647317913?
9
What is the units digit of 350763988?
8
What is the millions digit of 363080779?
3
What is the tens digit of 93148309?
0
What is the hundred thousands digit of 2154032929?
0
What is the hundreds digit of 54995277?
2
What is the tens digit of 972345698?
9
What is the hundred thousands digit of 442746792?
7
What is the billions digit of 2750749715?
2
What is the hundred thousands digit of 236135015?
1
What is the hundred millions digit of 774369523?
7
What is the tens digit of 3613330889?
8
What is the units digit of 25629918?
8
What is the millions digit of 917300415?
7
What is the tens digit of 55286230?
3
What is the tens digit of 41765073?
7
What is the hundreds digit of 12280547?
5
What is the ten millions digit of 343395549?
4
What is the millions digit of 2800834600?
0
What is the tens digit of 1051323073?
7
What is the ten mill